{"id":1013,"date":"2026-02-17T17:02:18","date_gmt":"2026-02-17T17:02:18","guid":{"rendered":"https:\/\/xn--ensemblepourtierc-rtb.fr\/?page_id=1013"},"modified":"2026-03-06T17:55:28","modified_gmt":"2026-03-06T17:55:28","slug":"les-dessous-de-la-cantine-scolaire","status":"publish","type":"page","link":"https:\/\/xn--ensemblepourtierc-rtb.fr\/?page_id=1013","title":{"rendered":"Les dessous de la cantine scolaire"},"content":{"rendered":"\t\t<div data-elementor-type=\"wp-page\" data-elementor-id=\"1013\" class=\"elementor elementor-1013\">\n\t\t\t\t<div class=\"elementor-element elementor-element-da27cdf e-flex e-con-boxed e-con e-parent\" data-id=\"da27cdf\" data-element_type=\"container\" data-e-type=\"container\">\n\t\t\t\t\t<div class=\"e-con-inner\">\n\t\t<div class=\"elementor-element elementor-element-71af323 e-con-full e-flex e-con e-child\" data-id=\"71af323\" data-element_type=\"container\" data-e-type=\"container\">\n\t\t<div class=\"elementor-element elementor-element-b3e08ce e-con-full e-flex e-con e-child\" data-id=\"b3e08ce\" data-element_type=\"container\" data-e-type=\"container\">\n\t\t<div class=\"elementor-element elementor-element-80bc2c8 e-con-full e-flex e-con e-child\" data-id=\"80bc2c8\" data-element_type=\"container\" data-e-type=\"container\">\n\t\t\t\t<div class=\"elementor-element elementor-element-d3f929c elementor-widget__width-initial elementor-widget elementor-widget-image\" data-id=\"d3f929c\" data-element_type=\"widget\" data-e-type=\"widget\" data-widget_type=\"image.default\">\n\t\t\t\t\t\t\t\t\t\t\t\t\t\t\t<img fetchpriority=\"high\" decoding=\"async\" width=\"923\" height=\"923\" src=\"https:\/\/xn--ensemblepourtierc-rtb.fr\/wp-content\/uploads\/2026\/02\/smiley-rouge-1024x1024.jpg\" class=\"attachment-large size-large wp-image-981\" alt=\"\" srcset=\"https:\/\/xn--ensemblepourtierc-rtb.fr\/wp-content\/uploads\/2026\/02\/smiley-rouge-1024x1024.jpg 1024w, https:\/\/xn--ensemblepourtierc-rtb.fr\/wp-content\/uploads\/2026\/02\/smiley-rouge-300x300.jpg 300w, https:\/\/xn--ensemblepourtierc-rtb.fr\/wp-content\/uploads\/2026\/02\/smiley-rouge-150x150.jpg 150w, https:\/\/xn--ensemblepourtierc-rtb.fr\/wp-content\/uploads\/2026\/02\/smiley-rouge-768x768.jpg 768w, https:\/\/xn--ensemblepourtierc-rtb.fr\/wp-content\/uploads\/2026\/02\/smiley-rouge.jpg 1472w\" sizes=\"(max-width: 923px) 100vw, 923px\" \/>\t\t\t\t\t\t\t\t\t\t\t\t\t\t\t<\/div>\n\t\t\t\t<\/div>\n\t\t<div class=\"elementor-element elementor-element-43605e2 e-con-full e-flex e-con e-child\" data-id=\"43605e2\" data-element_type=\"container\" data-e-type=\"container\">\n\t\t\t\t<div class=\"elementor-element elementor-element-6ec839f elementor-widget__width-initial elementor-widget elementor-widget-text-editor\" data-id=\"6ec839f\" data-element_type=\"widget\" data-e-type=\"widget\" data-widget_type=\"text-editor.default\">\n\t\t\t\t\t\t\t\t\t<h1>Les dessous de la cantine scolaire<\/h1>\n<p class=\"p1\"><span class=\"s2\">Avoir une nouvelle cantine scolaire pour nos enfants \u00e0 Tierc\u00e9, qu\u2019elle soit pratique, respectueuse <\/span><span class=\"s2\">de l\u2019environnement, \u00e0 proximit\u00e9 g\u00e9ographique des \u00e9coles avec un dimensionnement permettant <\/span><span class=\"s2\">d\u2019all\u00e9ger la lourdeur des rotations de service : voici un souhait exprim\u00e9 par les parents d\u2019\u00e9l\u00e8ves <\/span><span class=\"s2\">et par des \u00e9quipes p\u00e9dagogiques et acteurs impliqu\u00e9s.<\/span><\/p>\n<p class=\"p1\"><span class=\"s2\">C\u2019est plus qu\u2019un souhait, c\u2019est un besoin qui est exprim\u00e9 depuis des d\u00e9cennies.<\/span><\/p>\n<p class=\"p1\"><span class=\"s2\">L\u2019\u00e9quipe municipale en place, a pr\u00e9sent\u00e9 une belle communication sur l\u2019avancement du projet <\/span><span class=\"s2\">dans le p\u00e9riodique \u2018Tierc\u00e9 Infos\u2019 de d\u00e9cembre 2025-janvier 2026-f\u00e9vrier 2026. en annon\u00e7ant le <\/span><span class=\"s2\">d\u00e9but de la construction au 2<\/span><span class=\"s3\">\u00e8me<\/span><span class=\"s2\"> trimestre 2026.<\/span><\/p>\n<p class=\"p1\"><span class=\"s1\">Que s\u2019est-il pass\u00e9 lors du conseil municipal du 19 janvier 2026 ?<\/span><\/p>\n<p class=\"p1\"><span class=\"s2\">Il s\u2019av\u00e8re que des d\u00e9cisions avaient \u00e9t\u00e9 prises engageant ainsi la disponibilit\u00e9 du terrain, les <\/span><span class=\"s2\">plans de construction, l\u2019am\u00e9nagement d\u2019un passage pour acc\u00e8s, \u2026 Or, le budget devait \u00eatre vot\u00e9 <\/span><span class=\"s2\">en s\u00e9ance le 19\/01\/2026 en conseil municipal et ne l\u2019a pas \u00e9t\u00e9. Pour rappel, le co\u00fbt pr\u00e9visionnel <\/span><span class=\"s2\">est estim\u00e9 \u00e0 2 208 400 \u20ac dont l\u2019aide de l\u2019\u00e9tat est plafonn\u00e9e \u00e0 35 % soit 772 940 \u20ac et le reste soit <\/span><span class=\"s2\">1 435 460 \u20ac \u00e9tant autofinanc\u00e9. En effet, le vote n\u2019a pas pu avoir lieu en raison de d\u00e9saccords <\/span><span class=\"s2\">majeurs au sein de l\u2019\u00e9quipe municipale sur les \u00e9tudes men\u00e9es.<\/span><\/p>\n<p class=\"p1\"><span class=\"s1\">Questionnement<\/span><\/p>\n<p class=\"p1\"><span class=\"s2\">Nous nous posons des questions factuelles sur la conduite de ce projet et son <\/span><span class=\"s2\">dimensionnement retenu :<\/span><\/p>\n<p class=\"p1\"><span class=\"s4\">\u00a0 \u00a0 \u00a0\u2022<\/span> <span class=\"s2\">Comment un projet d\u2019un co\u00fbt pr\u00e9visionnel important peut-il \u00eatre pr\u00e9sent\u00e9 alors que des <\/span><span class=\"s2\">incertitudes demeurent sur sa validation finale en conseil municipal ?<\/span><\/p>\n<p class=\"p1\"><span class=\"s4\">\u00a0 \u00a0 \u00a0\u2022<\/span>\u00a0<span class=\"s2\">Ces d\u00e9saccords sont-ils dus \u00e0 une pr\u00e9paration insuffisante et\/ou \u00e0 un d\u00e9faut de <\/span><span class=\"s2\">concertation ?<\/span><\/p>\n<p class=\"p1\"><span class=\"s4\">\u00a0 \u00a0 \u00a0\u2022<\/span> <span class=\"s2\">Comment sont g\u00e9r\u00e9s le suivi et la communication entre le comit\u00e9 de pilotage et les <\/span><span class=\"s2\">conseillers ?<\/span><\/p>\t\t\t\t\t\t\t\t<\/div>\n\t\t\t\t<\/div>\n\t\t\t\t<\/div>\n\t\t\t\t<\/div>\n\t\t\t\t\t<\/div>\n\t\t\t\t<\/div>\n\t\t\t\t<\/div>\n\t\t","protected":false},"excerpt":{"rendered":"<p>Les dessous de la cantine scolaire Avoir une nouvelle cantine scolaire pour nos enfants \u00e0 Tierc\u00e9, qu\u2019elle soit pratique, respectueuse de l\u2019environnement, \u00e0 proximit\u00e9 g\u00e9ographique des \u00e9coles avec un dimensionnement permettant d\u2019all\u00e9ger la lourdeur des rotations de service : voici un souhait exprim\u00e9 par les parents d\u2019\u00e9l\u00e8ves et par des \u00e9quipes p\u00e9dagogiques et acteurs impliqu\u00e9s.&hellip;<\/p>\n","protected":false},"author":1,"featured_media":1021,"parent":0,"menu_order":0,"comment_status":"closed","ping_status":"closed","template":"","meta":{"footnotes":""},"class_list":["post-1013","page","type-page","status-publish","has-post-thumbnail","hentry"],"_links":{"self":[{"href":"https:\/\/xn--ensemblepourtierc-rtb.fr\/index.php?rest_route=\/wp\/v2\/pages\/1013","targetHints":{"allow":["GET"]}}],"collection":[{"href":"https:\/\/xn--ensemblepourtierc-rtb.fr\/index.php?rest_route=\/wp\/v2\/pages"}],"about":[{"href":"https:\/\/xn--ensemblepourtierc-rtb.fr\/index.php?rest_route=\/wp\/v2\/types\/page"}],"author":[{"embeddable":true,"href":"https:\/\/xn--ensemblepourtierc-rtb.fr\/index.php?rest_route=\/wp\/v2\/users\/1"}],"replies":[{"embeddable":true,"href":"https:\/\/xn--ensemblepourtierc-rtb.fr\/index.php?rest_route=%2Fwp%2Fv2%2Fcomments&post=1013"}],"version-history":[{"count":7,"href":"https:\/\/xn--ensemblepourtierc-rtb.fr\/index.php?rest_route=\/wp\/v2\/pages\/1013\/revisions"}],"predecessor-version":[{"id":1026,"href":"https:\/\/xn--ensemblepourtierc-rtb.fr\/index.php?rest_route=\/wp\/v2\/pages\/1013\/revisions\/1026"}],"wp:featuredmedia":[{"embeddable":true,"href":"https:\/\/xn--ensemblepourtierc-rtb.fr\/index.php?rest_route=\/wp\/v2\/media\/1021"}],"wp:attachment":[{"href":"https:\/\/xn--ensemblepourtierc-rtb.fr\/index.php?rest_route=%2Fwp%2Fv2%2Fmedia&parent=1013"}],"curies":[{"name":"wp","href":"https:\/\/api.w.org\/{rel}","templated":true}]}}