{"id":1229,"date":"2026-03-06T17:52:30","date_gmt":"2026-03-06T17:52:30","guid":{"rendered":"https:\/\/xn--ensemblepourtierc-rtb.fr\/?page_id=1229"},"modified":"2026-03-06T20:30:59","modified_gmt":"2026-03-06T20:30:59","slug":"une-cohesion-sociale-renforcee-pour-un-acces-aux-soins-facilite-et-une-solidarite-intergenerationnelle","status":"publish","type":"page","link":"https:\/\/xn--ensemblepourtierc-rtb.fr\/?page_id=1229","title":{"rendered":"Une Coh\u00e9sion Sociale Renforc\u00e9e, pour un Acc\u00e8s aux Soins Facilit\u00e9 et une Solidarit\u00e9 Interg\u00e9n\u00e9rationnelle"},"content":{"rendered":"\t\t<div data-elementor-type=\"wp-page\" data-elementor-id=\"1229\" class=\"elementor elementor-1229\">\n\t\t\t\t<div class=\"elementor-element elementor-element-5c89c98 e-flex e-con-boxed e-con e-parent\" data-id=\"5c89c98\" data-element_type=\"container\" data-e-type=\"container\">\n\t\t\t\t\t<div class=\"e-con-inner\">\n\t\t\t\t<div class=\"elementor-element elementor-element-5a2bae3 elementor-widget elementor-widget-image\" data-id=\"5a2bae3\" data-element_type=\"widget\" data-e-type=\"widget\" data-widget_type=\"image.default\">\n\t\t\t\t\t\t\t\t\t\t\t\t\t\t\t<img fetchpriority=\"high\" decoding=\"async\" width=\"491\" height=\"491\" src=\"https:\/\/xn--ensemblepourtierc-rtb.fr\/wp-content\/uploads\/2026\/03\/sante.png\" class=\"attachment-large size-large wp-image-1216\" alt=\"\" srcset=\"https:\/\/xn--ensemblepourtierc-rtb.fr\/wp-content\/uploads\/2026\/03\/sante.png 491w, https:\/\/xn--ensemblepourtierc-rtb.fr\/wp-content\/uploads\/2026\/03\/sante-300x300.png 300w, https:\/\/xn--ensemblepourtierc-rtb.fr\/wp-content\/uploads\/2026\/03\/sante-150x150.png 150w\" sizes=\"(max-width: 491px) 100vw, 491px\" \/>\t\t\t\t\t\t\t\t\t\t\t\t\t\t\t<\/div>\n\t\t\t\t<div class=\"elementor-element elementor-element-c28ff27 elementor-widget elementor-widget-text-editor\" data-id=\"c28ff27\" data-element_type=\"widget\" data-e-type=\"widget\" data-widget_type=\"text-editor.default\">\n\t\t\t\t\t\t\t\t\t<p style=\"text-align: justify;\"><strong>Nous \u0153uvrerons pour faire de Tierc\u00e9 une commune unie, bienveillante et inclusive, o\u00f9 la sant\u00e9 et l&rsquo;entraide sont au c\u0153ur de nos pr\u00e9occupations :<\/strong><\/p>\t\t\t\t\t\t\t\t<\/div>\n\t\t\t\t<div class=\"elementor-element elementor-element-297663f elementor-widget elementor-widget-text-editor\" data-id=\"297663f\" data-element_type=\"widget\" data-e-type=\"widget\" data-widget_type=\"text-editor.default\">\n\t\t\t\t\t\t\t\t\t<p><strong>L&rsquo;acc\u00e8s aux services de sant\u00e9<\/strong> :\u00a0<\/p><ul><li style=\"text-align: justify;\">Nous am\u00e9liorerons l\u2019acc\u00e8s aux services de sant\u00e9 et de pr\u00e9vention pour tous les habitants.<\/li><\/ul>\t\t\t\t\t\t\t\t<\/div>\n\t\t\t\t\t<\/div>\n\t\t\t\t<\/div>\n\t\t<div class=\"elementor-element elementor-element-fe6fd0a e-flex e-con-boxed e-con e-parent\" data-id=\"fe6fd0a\" data-element_type=\"container\" data-e-type=\"container\">\n\t\t\t\t\t<div class=\"e-con-inner\">\n\t\t\t\t<div class=\"elementor-element elementor-element-edf44d7 elementor-widget elementor-widget-text-editor\" data-id=\"edf44d7\" data-element_type=\"widget\" data-e-type=\"widget\" data-widget_type=\"text-editor.default\">\n\t\t\t\t\t\t\t\t\t<p class=\"p1\"><strong>La cr\u00e9ation d&rsquo;un p\u00f4le de sant\u00e9 pluridisciplinaire :<\/strong><\/p><ul class=\"ul1\"><li class=\"li1\" style=\"text-align: left;\"><p style=\"text-align: justify;\">Un projet d&rsquo;envergure pour gagner en visibilit\u00e9, en accessibilit\u00e9 et r\u00e9unir sur un m\u00eame site une offre de soins existante mais aujourd&rsquo;hui dispers\u00e9e g\u00e9ographiquement. Il augmentera l&rsquo;attractivit\u00e9 de notre offre de soins par le d\u00e9veloppement possible de consultations m\u00e9dicales sp\u00e9cialis\u00e9es. Un besoin architectural et une r\u00e9elle volont\u00e9 d&rsquo;une pratique de soins pluriprofessionnelle est exprim\u00e9e par nos professionnels de sant\u00e9. Elle favorise la qualit\u00e9 et la s\u00e9curit\u00e9 avec des parcours de soins concert\u00e9s am\u00e9lior\u00e9s par la proximit\u00e9.<\/p><\/li><\/ul><ul class=\"ul1\"><li class=\"li1\" style=\"text-align: justify;\">Les habitantes et les habitants vivant dans nos campagnes seront aussi pris en consid\u00e9ration pour une qualit\u00e9 de vie et une coh\u00e9sion sociale indispensable \u00e0 nos yeux. Nous veillerons \u00e0 ce que toutes les structures sociales et solidaires en place perdurent et que de nouvelles naissent si un besoin \u00e9tait identifi\u00e9. De l&rsquo;enfant en s\u00e9nior, aucune tranche d&rsquo;\u00e2ges ne sera n\u00e9glig\u00e9e.<\/li><\/ul>\t\t\t\t\t\t\t\t<\/div>\n\t\t\t\t<div class=\"elementor-element elementor-element-12ac079 elementor-widget elementor-widget-video\" data-id=\"12ac079\" data-element_type=\"widget\" data-e-type=\"widget\" data-settings=\"{&quot;youtube_url&quot;:&quot;https:\\\/\\\/youtu.be\\\/-VmCweuQwD4&quot;,&quot;video_type&quot;:&quot;youtube&quot;,&quot;controls&quot;:&quot;yes&quot;}\" data-widget_type=\"video.default\">\n\t\t\t\t\t\t\t<div class=\"elementor-wrapper elementor-open-inline\">\n\t\t\t<div class=\"elementor-video\"><\/div>\t\t<\/div>\n\t\t\t\t\t\t<\/div>\n\t\t\t\t\t<\/div>\n\t\t\t\t<\/div>\n\t\t\t\t<\/div>\n\t\t","protected":false},"excerpt":{"rendered":"<p>Lorem ipsum dolor sit amet, consectetur adipiscing elit. Ut elit tellus, luctus nec ullamcorper mattis, pulvinar dapibus leo.<\/p>\n","protected":false},"author":1,"featured_media":0,"parent":0,"menu_order":0,"comment_status":"closed","ping_status":"closed","template":"","meta":{"footnotes":""},"class_list":["post-1229","page","type-page","status-publish","hentry"],"_links":{"self":[{"href":"https:\/\/xn--ensemblepourtierc-rtb.fr\/index.php?rest_route=\/wp\/v2\/pages\/1229","targetHints":{"allow":["GET"]}}],"collection":[{"href":"https:\/\/xn--ensemblepourtierc-rtb.fr\/index.php?rest_route=\/wp\/v2\/pages"}],"about":[{"href":"https:\/\/xn--ensemblepourtierc-rtb.fr\/index.php?rest_route=\/wp\/v2\/types\/page"}],"author":[{"embeddable":true,"href":"https:\/\/xn--ensemblepourtierc-rtb.fr\/index.php?rest_route=\/wp\/v2\/users\/1"}],"replies":[{"embeddable":true,"href":"https:\/\/xn--ensemblepourtierc-rtb.fr\/index.php?rest_route=%2Fwp%2Fv2%2Fcomments&post=1229"}],"version-history":[{"count":25,"href":"https:\/\/xn--ensemblepourtierc-rtb.fr\/index.php?rest_route=\/wp\/v2\/pages\/1229\/revisions"}],"predecessor-version":[{"id":1270,"href":"https:\/\/xn--ensemblepourtierc-rtb.fr\/index.php?rest_route=\/wp\/v2\/pages\/1229\/revisions\/1270"}],"wp:attachment":[{"href":"https:\/\/xn--ensemblepourtierc-rtb.fr\/index.php?rest_route=%2Fwp%2Fv2%2Fmedia&parent=1229"}],"curies":[{"name":"wp","href":"https:\/\/api.w.org\/{rel}","templated":true}]}}