{"id":657,"date":"2025-12-31T08:32:32","date_gmt":"2025-12-31T08:32:32","guid":{"rendered":"https:\/\/xn--ensemblepourtierc-rtb.fr\/?page_id=657"},"modified":"2026-02-05T12:33:52","modified_gmt":"2026-02-05T12:33:52","slug":"celia","status":"publish","type":"page","link":"https:\/\/xn--ensemblepourtierc-rtb.fr\/?page_id=657","title":{"rendered":"C\u00e9lia"},"content":{"rendered":"\n<p><strong>\u00c0 18 ans, la t\u00eate dans les livres\u2026 et les \u00e9toiles !<\/strong><\/p>\n\n\n\n<p>&nbsp;Je vis \u00e0 Tierc\u00e9 depuis 7 ans. \u00c9tudiante en premi\u00e8re ann\u00e9e de biologie \u00e0 la facult\u00e9 des sciences d\u2019Angers, mes journ\u00e9es sont rythm\u00e9es par l\u2019exploration du monde du vivant\u2026 et par la m\u00e9morisation des noms parfois impronon\u00e7ables des cellules !<\/p>\n\n\n\n<p>Curieuse et passionn\u00e9e, j\u2019avance dans mes \u00e9tudes et dans ma vie avec une envie constante : apprendre et comprendre.<\/p>\n\n\n\n<p>Aujourd\u2019hui, j\u2019ai choisi de m\u2019engager dans la vie municipale pour apporter un regard neuf et des id\u00e9es qui refl\u00e8tent la jeunesse et l\u2019avenir de Tierc\u00e9.<\/p>\n\n\n\n<p>Quand je ne suis pas plong\u00e9e dans mes cours, je savoure mon p\u00e9ch\u00e9 mignon : un bon cappuccino, mon carburant pr\u00e9f\u00e9r\u00e9 pour tenir le rythme !<\/p>\n","protected":false},"excerpt":{"rendered":"<p>\u00c0 18 ans, la t\u00eate dans les livres\u2026 et les \u00e9toiles ! &nbsp;Je vis \u00e0 Tierc\u00e9 depuis 7 ans. \u00c9tudiante en premi\u00e8re ann\u00e9e de biologie \u00e0 la facult\u00e9 des sciences d\u2019Angers, mes journ\u00e9es sont rythm\u00e9es par l\u2019exploration du monde du vivant\u2026 et par la m\u00e9morisation des noms parfois impronon\u00e7ables des cellules ! Curieuse et passionn\u00e9e,&hellip;<\/p>\n","protected":false},"author":1,"featured_media":920,"parent":0,"menu_order":0,"comment_status":"closed","ping_status":"closed","template":"","meta":{"footnotes":""},"class_list":["post-657","page","type-page","status-publish","has-post-thumbnail","hentry"],"_links":{"self":[{"href":"https:\/\/xn--ensemblepourtierc-rtb.fr\/index.php?rest_route=\/wp\/v2\/pages\/657","targetHints":{"allow":["GET"]}}],"collection":[{"href":"https:\/\/xn--ensemblepourtierc-rtb.fr\/index.php?rest_route=\/wp\/v2\/pages"}],"about":[{"href":"https:\/\/xn--ensemblepourtierc-rtb.fr\/index.php?rest_route=\/wp\/v2\/types\/page"}],"author":[{"embeddable":true,"href":"https:\/\/xn--ensemblepourtierc-rtb.fr\/index.php?rest_route=\/wp\/v2\/users\/1"}],"replies":[{"embeddable":true,"href":"https:\/\/xn--ensemblepourtierc-rtb.fr\/index.php?rest_route=%2Fwp%2Fv2%2Fcomments&post=657"}],"version-history":[{"count":1,"href":"https:\/\/xn--ensemblepourtierc-rtb.fr\/index.php?rest_route=\/wp\/v2\/pages\/657\/revisions"}],"predecessor-version":[{"id":659,"href":"https:\/\/xn--ensemblepourtierc-rtb.fr\/index.php?rest_route=\/wp\/v2\/pages\/657\/revisions\/659"}],"wp:featuredmedia":[{"embeddable":true,"href":"https:\/\/xn--ensemblepourtierc-rtb.fr\/index.php?rest_route=\/wp\/v2\/media\/920"}],"wp:attachment":[{"href":"https:\/\/xn--ensemblepourtierc-rtb.fr\/index.php?rest_route=%2Fwp%2Fv2%2Fmedia&parent=657"}],"curies":[{"name":"wp","href":"https:\/\/api.w.org\/{rel}","templated":true}]}}