{"id":683,"date":"2025-12-31T08:47:34","date_gmt":"2025-12-31T08:47:34","guid":{"rendered":"https:\/\/xn--ensemblepourtierc-rtb.fr\/?page_id=683"},"modified":"2026-02-05T12:35:27","modified_gmt":"2026-02-05T12:35:27","slug":"herve","status":"publish","type":"page","link":"https:\/\/xn--ensemblepourtierc-rtb.fr\/?page_id=683","title":{"rendered":"Herv\u00e9"},"content":{"rendered":"\n<p><strong>Pr\u00e9server la nature, partager la vie : mon \u00e9nergie pour Tierc\u00e9<\/strong><\/p>\n\n\n\n<p>Ag\u00e9 de 52 ans, je vis \u00e0 Tierc\u00e9 depuis 16 ans avec ma compagne et mes 2 enfants de 15 et 18 ans.&nbsp; Ing\u00e9nieur de formation, je travaille en tant qu&rsquo;informaticien \u00e0 l&rsquo;Assurance Maladie.<\/p>\n\n\n\n<p>Je suis sensible aux questions d&rsquo;environnement : j&rsquo;adore notamment planter des arbres en pensant aux g\u00e9n\u00e9rations futures.&nbsp; J&rsquo;aime beaucoup profiter des bords de Sarthe et des basses vall\u00e9es angevines, un lieu ideal pour la randonn\u00e9e.<\/p>\n\n\n\n<p>Mon p\u00e9ch\u00e9 mignon : je suis gourmand et j&rsquo;aime bien cuisiner avec des produits locaux de qualit\u00e9<\/p>\n","protected":false},"excerpt":{"rendered":"<p>Pr\u00e9server la nature, partager la vie : mon \u00e9nergie pour Tierc\u00e9 Ag\u00e9 de 52 ans, je vis \u00e0 Tierc\u00e9 depuis 16 ans avec ma compagne et mes 2 enfants de 15 et 18 ans.&nbsp; Ing\u00e9nieur de formation, je travaille en tant qu&rsquo;informaticien \u00e0 l&rsquo;Assurance Maladie. Je suis sensible aux questions d&rsquo;environnement : j&rsquo;adore notamment planter&hellip;<\/p>\n","protected":false},"author":1,"featured_media":928,"parent":0,"menu_order":0,"comment_status":"closed","ping_status":"closed","template":"","meta":{"footnotes":""},"class_list":["post-683","page","type-page","status-publish","has-post-thumbnail","hentry"],"_links":{"self":[{"href":"https:\/\/xn--ensemblepourtierc-rtb.fr\/index.php?rest_route=\/wp\/v2\/pages\/683","targetHints":{"allow":["GET"]}}],"collection":[{"href":"https:\/\/xn--ensemblepourtierc-rtb.fr\/index.php?rest_route=\/wp\/v2\/pages"}],"about":[{"href":"https:\/\/xn--ensemblepourtierc-rtb.fr\/index.php?rest_route=\/wp\/v2\/types\/page"}],"author":[{"embeddable":true,"href":"https:\/\/xn--ensemblepourtierc-rtb.fr\/index.php?rest_route=\/wp\/v2\/users\/1"}],"replies":[{"embeddable":true,"href":"https:\/\/xn--ensemblepourtierc-rtb.fr\/index.php?rest_route=%2Fwp%2Fv2%2Fcomments&post=683"}],"version-history":[{"count":1,"href":"https:\/\/xn--ensemblepourtierc-rtb.fr\/index.php?rest_route=\/wp\/v2\/pages\/683\/revisions"}],"predecessor-version":[{"id":684,"href":"https:\/\/xn--ensemblepourtierc-rtb.fr\/index.php?rest_route=\/wp\/v2\/pages\/683\/revisions\/684"}],"wp:featuredmedia":[{"embeddable":true,"href":"https:\/\/xn--ensemblepourtierc-rtb.fr\/index.php?rest_route=\/wp\/v2\/media\/928"}],"wp:attachment":[{"href":"https:\/\/xn--ensemblepourtierc-rtb.fr\/index.php?rest_route=%2Fwp%2Fv2%2Fmedia&parent=683"}],"curies":[{"name":"wp","href":"https:\/\/api.w.org\/{rel}","templated":true}]}}