{"id":715,"date":"2025-12-31T09:08:08","date_gmt":"2025-12-31T09:08:08","guid":{"rendered":"https:\/\/xn--ensemblepourtierc-rtb.fr\/?page_id=715"},"modified":"2026-02-05T12:37:07","modified_gmt":"2026-02-05T12:37:07","slug":"nathan","status":"publish","type":"page","link":"https:\/\/xn--ensemblepourtierc-rtb.fr\/?page_id=715","title":{"rendered":"Nathan"},"content":{"rendered":"\n<p><strong>19 ans, passionn\u00e9 de politique et engag\u00e9 pour l\u2019avenir de Tierc\u00e9<\/strong><\/p>\n\n\n\n<p>Je vis \u00e0 Tierc\u00e9 depuis plus de sept ans avec mes parents et mes deux petits fr\u00e8res.<\/p>\n\n\n\n<p>Je suis actuellement \u00e9tudiant en Science Politique \u00e0 l\u2019Universit\u00e9 Catholique de l\u2019Ouest \u00e0 Angers.<\/p>\n\n\n\n<p>J\u2019ai pratiqu\u00e9 le judo \u00e0 Tierc\u00e9 pendant plusieurs ann\u00e9es et ai \u00e9galement fait du cano\u00eb-kayak, discipline exerc\u00e9e durant quatre ans.<\/p>\n\n\n\n<p>Dans le domaine art\/culture j\u2019ai fait du solf\u00e8ge et du piano avec Amusil.<\/p>\n\n\n\n<p>Passionn\u00e9 par la politique depuis mon plus jeune \u00e2ge, je suis particuli\u00e8rement motiv\u00e9 par l\u2019id\u00e9e d\u2019aider les personnes que je rencontre et de contribuer concr\u00e8tement \u00e0 l\u2019am\u00e9lioration de la vie au sein d\u2019une communaut\u00e9.<\/p>\n\n\n\n<p>Mon p\u00e9ch\u00e9 mignon est de regarder Harry Potter.<\/p>\n","protected":false},"excerpt":{"rendered":"<p>19 ans, passionn\u00e9 de politique et engag\u00e9 pour l\u2019avenir de Tierc\u00e9 Je vis \u00e0 Tierc\u00e9 depuis plus de sept ans avec mes parents et mes deux petits fr\u00e8res. Je suis actuellement \u00e9tudiant en Science Politique \u00e0 l\u2019Universit\u00e9 Catholique de l\u2019Ouest \u00e0 Angers. J\u2019ai pratiqu\u00e9 le judo \u00e0 Tierc\u00e9 pendant plusieurs ann\u00e9es et ai \u00e9galement fait&hellip;<\/p>\n","protected":false},"author":1,"featured_media":934,"parent":0,"menu_order":0,"comment_status":"closed","ping_status":"closed","template":"","meta":{"footnotes":""},"class_list":["post-715","page","type-page","status-publish","has-post-thumbnail","hentry"],"_links":{"self":[{"href":"https:\/\/xn--ensemblepourtierc-rtb.fr\/index.php?rest_route=\/wp\/v2\/pages\/715","targetHints":{"allow":["GET"]}}],"collection":[{"href":"https:\/\/xn--ensemblepourtierc-rtb.fr\/index.php?rest_route=\/wp\/v2\/pages"}],"about":[{"href":"https:\/\/xn--ensemblepourtierc-rtb.fr\/index.php?rest_route=\/wp\/v2\/types\/page"}],"author":[{"embeddable":true,"href":"https:\/\/xn--ensemblepourtierc-rtb.fr\/index.php?rest_route=\/wp\/v2\/users\/1"}],"replies":[{"embeddable":true,"href":"https:\/\/xn--ensemblepourtierc-rtb.fr\/index.php?rest_route=%2Fwp%2Fv2%2Fcomments&post=715"}],"version-history":[{"count":2,"href":"https:\/\/xn--ensemblepourtierc-rtb.fr\/index.php?rest_route=\/wp\/v2\/pages\/715\/revisions"}],"predecessor-version":[{"id":778,"href":"https:\/\/xn--ensemblepourtierc-rtb.fr\/index.php?rest_route=\/wp\/v2\/pages\/715\/revisions\/778"}],"wp:featuredmedia":[{"embeddable":true,"href":"https:\/\/xn--ensemblepourtierc-rtb.fr\/index.php?rest_route=\/wp\/v2\/media\/934"}],"wp:attachment":[{"href":"https:\/\/xn--ensemblepourtierc-rtb.fr\/index.php?rest_route=%2Fwp%2Fv2%2Fmedia&parent=715"}],"curies":[{"name":"wp","href":"https:\/\/api.w.org\/{rel}","templated":true}]}}