{"id":752,"date":"2025-12-31T09:24:28","date_gmt":"2025-12-31T09:24:28","guid":{"rendered":"https:\/\/xn--ensemblepourtierc-rtb.fr\/?page_id=752"},"modified":"2026-02-05T12:38:56","modified_gmt":"2026-02-05T12:38:56","slug":"yohann","status":"publish","type":"page","link":"https:\/\/xn--ensemblepourtierc-rtb.fr\/?page_id=752","title":{"rendered":"Yohann"},"content":{"rendered":"\n<p><strong>Entre urbanisme, sport et solidarit\u00e9 : mon parcours<\/strong><\/p>\n\n\n\n<p>\u00c2g\u00e9 de 54 ans, mari\u00e9, 2 enfants, notre famille est arriv\u00e9e \u00e0 Tierc\u00e9 en 2003.<\/p>\n\n\n\n<p>De formation ing\u00e9nieur B\u00e2timent Travaux Publics, mes centres de comp\u00e9tences s\u2019\u00e9tablissent autour de tout ce qui a trait \u00e0 la gestion technique du patrimoine, l\u2019urbanisme, l\u2019am\u00e9nagement. <\/p>\n\n\n\n<p>La qualit\u00e9 du cadre vie est donc \u00e0 mes yeux un \u00e9l\u00e9ment essentiel, garantie du bien-\u00eatre et de l\u2019\u00e9panouissement des habitants. <\/p>\n\n\n\n<p>Le ou les sports font partie int\u00e9grante de mon quotidien\u2026 c\u2019est une question d\u2019\u00e9quilibre et de passion : VTT, badminton et autre sports de raquette sont pratiqu\u00e9s r\u00e9guli\u00e8rement\u2026 en ajoutant une passion pour le rugby (joueur il y a de nombreuses ann\u00e9es maintenant). <\/p>\n\n\n\n<p>Pr\u00e9sident du club de badminton de Tierc\u00e9, mon engagement au service des autres est d\u00e9j\u00e0 tr\u00e8s marquant !<\/p>\n\n\n\n<p>Un p\u00e9ch\u00e9 mignon : la Sicile\u2026<\/p>\n","protected":false},"excerpt":{"rendered":"<p>Entre urbanisme, sport et solidarit\u00e9 : mon parcours \u00c2g\u00e9 de 54 ans, mari\u00e9, 2 enfants, notre famille est arriv\u00e9e \u00e0 Tierc\u00e9 en 2003. De formation ing\u00e9nieur B\u00e2timent Travaux Publics, mes centres de comp\u00e9tences s\u2019\u00e9tablissent autour de tout ce qui a trait \u00e0 la gestion technique du patrimoine, l\u2019urbanisme, l\u2019am\u00e9nagement. La qualit\u00e9 du cadre vie est&hellip;<\/p>\n","protected":false},"author":1,"featured_media":942,"parent":0,"menu_order":0,"comment_status":"closed","ping_status":"closed","template":"","meta":{"footnotes":""},"class_list":["post-752","page","type-page","status-publish","has-post-thumbnail","hentry"],"_links":{"self":[{"href":"https:\/\/xn--ensemblepourtierc-rtb.fr\/index.php?rest_route=\/wp\/v2\/pages\/752","targetHints":{"allow":["GET"]}}],"collection":[{"href":"https:\/\/xn--ensemblepourtierc-rtb.fr\/index.php?rest_route=\/wp\/v2\/pages"}],"about":[{"href":"https:\/\/xn--ensemblepourtierc-rtb.fr\/index.php?rest_route=\/wp\/v2\/types\/page"}],"author":[{"embeddable":true,"href":"https:\/\/xn--ensemblepourtierc-rtb.fr\/index.php?rest_route=\/wp\/v2\/users\/1"}],"replies":[{"embeddable":true,"href":"https:\/\/xn--ensemblepourtierc-rtb.fr\/index.php?rest_route=%2Fwp%2Fv2%2Fcomments&post=752"}],"version-history":[{"count":1,"href":"https:\/\/xn--ensemblepourtierc-rtb.fr\/index.php?rest_route=\/wp\/v2\/pages\/752\/revisions"}],"predecessor-version":[{"id":753,"href":"https:\/\/xn--ensemblepourtierc-rtb.fr\/index.php?rest_route=\/wp\/v2\/pages\/752\/revisions\/753"}],"wp:featuredmedia":[{"embeddable":true,"href":"https:\/\/xn--ensemblepourtierc-rtb.fr\/index.php?rest_route=\/wp\/v2\/media\/942"}],"wp:attachment":[{"href":"https:\/\/xn--ensemblepourtierc-rtb.fr\/index.php?rest_route=%2Fwp%2Fv2%2Fmedia&parent=752"}],"curies":[{"name":"wp","href":"https:\/\/api.w.org\/{rel}","templated":true}]}}